 are the prime factors of 324911?
31, 47, 223
List the prime factors of 5457343.
5457343
List the prime factors of 168800.
2, 5, 211
List the prime factors of 421506.
2, 3, 23417
What are the prime factors of 263726?
2, 29, 4547
List the prime factors of 529985.
5, 105997
What are the prime factors of 3309313?
7, 67537
What are the prime factors of 4381486?
2, 193, 11351
List the prime factors of 1154736.
2, 3, 11
List the prime factors of 813357.
3, 90373
List the prime factors of 589572.
2, 3, 53, 103
What are the prime factors of 623018?
2, 11, 28319
List the prime factors of 22112.
2, 691
What are the prime factors of 539059?
31, 17389
List the prime factors of 2107387.
43, 49009
What are the prime factors of 119689?
119689
What are the prime factors of 6445514?
2, 59, 54623
What are the prime factors of 1401851?
11, 31, 4111
What are the prime factors of 734013?
3, 7, 61, 191
What are the prime factors of 2065626?
2, 3, 114757
What are the prime factors of 244241?
467, 523
What are the prime factors of 3995919?
3, 147997
List the prime factors of 6654838.
2, 3327419
What are the prime factors of 3096805?
5, 17, 36433
What are the prime factors of 8361874?
2, 1511, 2767
List the prime factors of 2777027.
11, 252457
What are the prime factors of 989338?
2, 7, 70667
What are the prime factors of 2880602?
2, 1440301
What are the prime factors of 826577?
79, 10463
What are the prime factors of 1448623?
11, 79, 1667
What are the prime factors of 600755?
5, 53, 2267
What are the prime factors of 13150826?
2, 13, 17, 29753
List the prime factors of 81285.
3, 5, 5419
What are the prime factors of 7776135?
3, 5, 57601
List the prime factors of 33303874.
2, 16651937
List the prime factors of 756235.
5, 151247
What are the prime factors of 847007?
7, 121001
List the prime factors of 88520.
2, 5, 2213
What are the prime factors of 215522?
2, 107761
What are the prime factors of 2388047?
137, 17431
What are the prime factors of 135760?
2, 5, 1697
List the prime factors of 4143.
3, 1381
List the prime factors of 1193469.
3, 31, 41, 313
List the prime factors of 12394.
2, 6197
List the prime factors of 12245173.
53, 231041
List the prime factors of 329806.
2, 103, 1601
List the prime factors of 7612.
2, 11, 173
What are the prime factors of 8439?
3, 29, 97
What are the prime factors of 9290839?
331, 28069
What are the prime factors of 13930131?
3, 409, 11353
List the prime factors of 319314.
2, 3, 19, 2801
List the prime factors of 38725.
5, 1549
List the prime factors of 1084114.
2, 109, 4973
What are the prime factors of 659296?
2, 11, 1873
List the prime factors of 1291767.
3, 430589
What are the prime factors of 1294849?
1294849
What are the prime factors of 748306?
2, 13, 17, 1693
List the prime factors of 4214518.
2, 7, 11, 27367
List the prime factors of 197281.
7, 28183
What are the prime factors of 171396?
2, 3, 23
What are the prime factors of 10010038?
2, 179, 27961
What are the prime factors of 18911652?
2, 3, 79, 19949
What are the prime factors of 1920294?
2, 3, 43, 827
List the prime factors of 64492.
2, 23, 701
List the prime factors of 652975.
5, 26119
List the prime factors of 4305115.
5, 19, 45317
List the prime factors of 5857667.
31, 188957
What are the prime factors of 278939?
19, 53, 277
List the prime factors of 12022277.
97, 123941
List the prime factors of 4708398.
2, 3, 37, 127, 167
List the prime factors of 383373.
3, 4733
List the prime factors of 293811.
3, 7, 17, 823
List the prime factors of 1553348.
2, 31, 12527
List the prime factors of 1282220.
2, 5, 61, 1051
What are the prime factors of 915558?
2, 3, 7, 21799
What are the prime factors of 7759306?
2, 53, 71, 1031
What are the prime factors of 11741363?
317, 37039
List the prime factors of 4357237.
1063, 4099
What are the prime factors of 6626272?
2, 53, 3907
What are the prime factors of 11539607?
2609, 4423
List the prime factors of 562730.
2, 5, 7, 8039
What are the prime factors of 3413676?
2, 3, 7, 40639
List the prime factors of 3356359.
1669, 2011
What are the prime factors of 1247155?
5, 7, 13, 2741
What are the prime factors of 194?
2, 97
List the prime factors of 479368.
2, 59921
What are the prime factors of 7446671?
859, 8669
List the prime factors of 212520.
2, 3, 5, 7, 11, 23
What are the prime factors of 4270140?
2, 3, 5, 7, 3389
What are the prime factors of 323871?
3, 89, 1213
What are the prime factors of 120845?
5, 24169
List the prime factors of 1315419.
3, 7, 62639
What are the prime factors of 19242622?
2, 7, 1374473
List the prime factors of 22257400.
2, 5, 11, 67, 151
What are the prime factors of 169420?
2, 5, 43, 197
List the prime factors of 221515.
5, 7, 6329
What are the prime factors of 18272?
2, 571
What are the prime factors of 40620?
2, 3, 5, 677
List the prime factors of 5977111.
7, 853873
List the prime factors of 5215766.
2, 19, 29, 4733
List the prime factors of 8955976.
2, 701, 1597
List the prime factors of 346.
2, 173
List the prime factors of 877855.
5, 11, 1451
List the prime factors of 2560960.
2, 5, 53, 151
What are the prime factors of 491813?
7, 10037
List the prime factors of 263187.
3, 29243
What are the prime factors of 1194014?
2, 61, 9787
List the prime factors of 7165469.
107, 167, 401
List the prime factors of 4787968.
2, 59, 317
List the prime factors of 740334.
2, 3, 7, 17627
What are the prime factors of 7284?
2, 3, 607
What are the prime factors of 492818?
2, 239, 1031
List the prime factors of 14733556.
2, 31, 118819
What are the prime factors of 2109681?
3, 7, 33487
List the prime factors of 4980125.
5, 39841
List the prime factors of 34986946.
2, 17493473
List the prime factors of 3396362.
2, 17, 191, 523
List the prime factors of 13945574.
2, 6972787
What are the prime factors of 149245?
5, 19, 1571
List the prime factors of 3579381.
3, 13, 30593
List the prime factors of 196743.
3, 65581
What are the prime factors of 1668?
2, 3, 139
What are the prime factors of 260905?
5, 52181
List the prime factors of 2360152.
2, 47, 6277
List the prime factors of 489177.
3, 13, 37, 113
List the prime factors of 2750747.
1447, 1901
What are the prime factors of 373202?
2, 186601
What are the prime factors of 62188?
2, 7, 2221
What are the prime factors of 23286422?
2, 1381, 8431
List the prime factors of 23867213.
733, 32561
What are the prime factors of 722123?
722123
What are the prime factors of 5956199?
5956199
What are the prime factors of 5851757?
17, 344221
List the prime factors of 5264378.
2, 7, 23, 16349
List the prime factors of 53355.
3, 5, 3557
List the prime factors of 2426322.
2, 3, 404387
List the prime factors of 10799367.
3, 457, 7877
What are the prime factors of 564116?
2, 7, 20147
List the prime factors of 1573307.
167, 9421
List the prime factors of 376166.
2, 7, 97, 277
List the prime factors of 2127006.
2, 3, 7, 17, 331
List the prime factors of 406242.
2, 3, 7523
List the prime factors of 776884.
2, 167, 1163
List the prime factors of 604706.
2, 191, 1583
List the prime factors of 19823022.
2, 3, 67, 5479
List the prime factors of 18882630.
2, 3, 5, 13, 16139
What are the prime factors of 340058?
2, 170029
List the prime factors of 3830407.
7, 29, 18869
What are the prime factors of 539762?
2, 73, 3697
What are the prime factors of 13515274?
2, 6757637
List the prime factors of 9316207.
9316207
List the prime factors of 170334.
2, 3, 9463
List the prime factors of 635540.
2, 5, 43, 739
List the prime factors of 235478.
2, 281, 419
List the prime factors of 1459518.
2, 3, 17, 41, 349
What are the prime factors of 4425452?
2, 1106363
List the prime factors of 3140202.
2, 3, 13, 127, 317
List the prime factors of 99389.
19, 5231
List the prime factors of 591121.
43, 59, 233
What are the prime factors of 32536415?
5, 83, 78401
What are the prime factors of 5518239?
3, 1839413
List the prime factors of 2073946.
2, 7, 148139
What are the prime factors of 901117?
7, 23, 29, 193
List the prime factors of 226673.
83, 2731
What are the prime factors of 1049265?
3, 5, 7, 3331
List the prime factors of 1034875.
5, 17, 487
List the prime factors of 310963.
149, 2087
List the prime factors of 582036.
2, 3, 7, 13, 41
List the prime factors of 7992827.
41, 383, 509
List the prime factors of 245413.
7, 35059
